*h - 4*b, 2*h = 3*b + 307. What is the hundreds digit of h?
1
Let m be (-18)/(-15)*5/2. Suppose -v = 4*v - 15. Let r = v + m. What is the units digit of r?
6
Let u = -25 - -45. What is the units digit of u/(-10) + 1 + 27?
6
Suppose -29 = 4*a - 129. Let g = a + -16. Let h(o) = -o + 10. What is the units digit of h(g)?
1
Let y(b) = -8*b + 1. Let l(v) = v - 1. Let p(j) = 5*l(j) + y(j). Let a be p(-3). Suppose 4*i = -a*x + 51 + 4, -2*x + 5*i = -22. What is the units digit of x?
1
Let a = 221 + -129. Suppose 0 = -5*f + f + a. What is the units digit of f?
3
Suppose 24 = -8*w + 128. What is the units digit of w?
3
What is the tens digit of (-18 - 0)/(12/(-450)*5)?
3
Let f(d) = d**2 - 3*d - 2. Let m(g) = g**2 + g - 2. Let n be m(2). Suppose 0*s + s = -n*v + 13, 5*v - 17 = -s. What is the units digit of f(v)?
2
Let r be (-5)/(-25) - (-24)/5. Let z(v) = v**3 - 4*v**2 - 6*v + 7. Let m be z(r). Suppose 4*o - 3*l = 48, -5*l = m*o - 3*o + 29. What is the units digit of o?
9
Suppose -4*q - 10 = 2, -5*x + 5*q = -55. What is the units digit of x?
8
Suppose 12*s - 1305 = 771. What is the tens digit of s?
7
Let d be 2/(-5) + 13/(-5). Let b(q) be the second derivative of q**5/20 + q**4/3 + q**3/3 - 2*q. What is the units digit of b(d)?
3
Suppose 5*h - 39 = 41. What is the units digit of h?
6
Let u = 8 - 4. Suppose 3*r = -u*n + 28, 1 = 4*n - 3. What is the units digit of r?
8
Suppose -3*n + 31 = -5*v, -2*v + 3 = 2*n + 9. Suppose -5*x + 44 = -3*w, -n*w - 32 = -5*x + 4. Let z(u) = u + 9. What is the units digit of z(w)?
1
Let d = 126 + -83. What is the tens digit of d?
4
Suppose 3*z - 1 = 2*z. Let b = 10 + -6. Suppose 4*m - z = -3*k - 6, -b*k = -5*m - 14. What is the units digit of k?
1
Suppose 0 = 4*l, 4*q - 2*l + 2 - 22 = 0. Let r = q - 0. Suppose -r*g = -29 + 9. What is the units digit of g?
4
Let w(f) = f**3 + 5*f**2 + 7*f + 6. Let m be w(-4). Let s = 6 + m. Suppose s = x - 5*i + 17, -6*x = -x + 3*i - 27. What is the units digit of x?
3
Let v(y) = -2*y**3 + 2*y**2 - 2*y - 4. Let h(s) = s**3. Let x(i) = 3*h(i) + v(i). Let f be x(-3). Let q(a) = -a**2 - 9*a + 5. What is the units digit of q(f)?
9
Let f be (6 - -5)/((-2)/8). Let h = -17 - f. What is the tens digit of h?
2
Let n = 106 - 19. What is the units digit of n?
7
Let c = 12 + -11. What is the units digit of 18*2/4 - c?
8
Let h(l) = l**2 + 4. Let a be h(0). Suppose 8 - a = -4*d. Let m(b) = -5*b + 1. What is the units digit of m(d)?
6
Let s(c) = -c**2 - 5*c + 5. Let n be s(-7). What is the units digit of (-3)/2*12/n?
2
Suppose -5*f - 157 = -5*q + 298, 443 = 5*q + f. What is the tens digit of q?
8
Suppose 2*n - 7 = g, -4*g - 15 = -5*n - g. What is the units digit of n?
6
Suppose 0 = -3*g + 4*m + 3, 2*g - 3*m - 2 = -1. Suppose -2*a - 6 = g*i - 1, -3*i = 15. What is the units digit of a?
0
Let n(m) = m**3 + 3*m**2 - 2*m - 3. Let b be n(-3). Suppose -b = f + a, 4*f - 6*f + 2 = -2*a. What is the units digit of (f - -17) + (5 - 8)?
3
Let u = 5 + -5. Suppose u*z = -z + 7. What is the units digit of z?
7
Let u(i) = i + 5. Let r be u(-4). Suppose o + 4*d - 2 = 0, o - d - r = 1. What is the units digit of o?
2
Let z be (-8)/6*15/(-10). Suppose -50 = -4*v - z. What is the units digit of v?
2
Suppose b - 26 = -5. What is the tens digit of b?
2
Let k = 4 - 10. Let j(v) = 9*v - 2 - 10*v - 3. What is the units digit of j(k)?
1
Let v = -3 + -11. Let n = -10 - v. What is the units digit of n?
4
Let i = -19 + 5. Let q be (-2)/(-3) + i/(-6). Suppose -15 = -2*v + q. What is the units digit of v?
9
Let o = -304 + 602. What is the hundreds digit of o?
2
Suppose -g + 3*r = -2*g + 31, g - 2*r - 46 = 0. What is the units digit of g?
0
Let q = -27 + 91. What is the units digit of q?
4
Suppose 2*t + 0*x = x, 8 = 2*x. Let s = t - 1. Suppose s + 1 = h. What is the units digit of h?
2
Let d = 94 + -47. Let b = d - 26. What is the units digit of b?
1
Let i = -77 + 170. Suppose -4*m + i = -m. What is the units digit of m?
1
Suppose f - 5*f + 3*n + 49 = 0, f = 4*n + 9. Let t = -2 + f. What is the tens digit of t?
1
What is the units digit of (-1664)/(-44) + 2/11?
8
Suppose -44 = -4*n + 2*x, 5*n = n + 3*x + 46. Suppose -24 = 4*a + 5*w, 3*w - w = -2*a - n. What is the units digit of -5*(-2)/(a + 3)?
5
Let y = 138 + -18. What is the units digit of y?
0
Let l(i) = -i**3 + 15*i**2 - 10*i + 2. What is the units digit of l(7)?
4
Let z(s) be the first derivative of s**4/8 - 7*s**3/6 - s**2/2 - 2. Let q(o) be the second derivative of z(o). What is the units digit of q(5)?
8
What is the units digit of (-5)/15 + 64/3?
1
Let g(o) = -13*o + 1. Let u = 1 + 3. Suppose -u*q = 3 + 1. What is the units digit of g(q)?
4
Let b(j) = j**2 - 7*j + 6. Suppose 5*g - 4*a = -3 + 7, -3*a = 3*g - 24. Let r be b(g). Let x = 8 + r. What is the units digit of x?
2
Let r(k) = k**3 + k**2 + k - 3. What is the tens digit of r(2)?
1
Suppose 3*m = b - 88, -3*b = -5*m - 18 - 230. What is the tens digit of b?
7
Let o(a) be the third derivative of -a**6/120 + 11*a**5/60 + a**4/2 + a**3/3 + 2*a**2. What is the units digit of o(12)?
2
Let k(t) = t**2 + 8*t + 4. Let y be k(-7). Let j = y - -4. Suppose -4*w = o - 15, 2*w - j = o + 2. What is the units digit of o?
3
Suppose -4*u + 52 = 3*c + 3, 0 = -3*u + c + 27. Let z = u + -5. What is the units digit of z?
5
Let p = -33 - -85. What is the units digit of p?
2
Let o = 1 - -3. Suppose 0*c - c - 2*q + 15 = 0, 68 = 4*c + o*q. What is the units digit of c?
9
Let o be (3/2)/(6/12). What is the tens digit of -25*(-1 - (3 - o))?
2
Let m = -85 - -161. What is the tens digit of m?
7
Let p be (-7 - -2)/(3/(-36)). Let h = p - 43. Let z = h + -10. What is the units digit of z?
7
Let l = -10 - -13. Suppose -5*c = 5*t - 40, t - l*c = 6*t - 40. What is the units digit of t?
8
Suppose u - b - 7 = -3*u, -2*u + 8 = -2*b. Suppose -2 = -t + u. Let l = -2 + t. What is the units digit of l?
1
Suppose 0*z + 4*i + 20 = 4*z, -2*i = 0. Suppose 2*b = -z*h + 57, -2*h = -3*b + b - 34. What is the units digit of h?
3
Let m(u) = -u**2 - 10*u - 7. Let c be m(-7). Suppose -3*k = -z - 4 - 15, 3*k - c = -4*z. What is the units digit of k?
6
What is the tens digit of ((-8)/6)/((-3)/189)?
8
Let i(w) = w**3 - 9*w**2 + 10*w + 4. Let g be i(8). Suppose 3*p + 5 = u, u + g = 5*u. Suppose p*d - 3*d = -63. What is the tens digit of d?
2
Let j(x) = -x**2 - 11*x + 15. Let f be j(-12). Suppose -f*y = -0*y - 90. What is the tens digit of y?
3
Let s = 177 - -44. What is the units digit of s?
1
Let k = 16 + -11. Suppose -i - 8 = -k*i. What is the units digit of i?
2
Suppose -5*c = -2 - 13. Let i(h) = -h**2 + 2*h. Let o be i(c). What is the units digit of 0 + (-1 - (-1 + o))?
3
Let x(g) be the first derivative of -g**4/4 - 4*g**3/3 + 2*g**2 - 2*g + 1. Let v = 17 - 22. What is the units digit of x(v)?
3
Let q be (3 - 0)*80/24. Let a(s) = -s**3 + 9*s**2 + 14*s + 1. What is the units digit of a(q)?
1
Suppose -5*p + q + 402 = -0*q, 4*p - 327 = -q. What is the units digit of p?
1
Let h(f) = f**2 - 6*f + 3. Let n be h(6). Suppose -4 - 26 = -n*k. What is the tens digit of k?
1
Suppose 4*t - 106 = 54. Suppose 6 = -i + t. What is the tens digit of i?
3
Let u be 2/(-3) + 143/3. Suppose 3*x - u = -17. What is the tens digit of x?
1
Let t(q) = q**3 - 5*q**2 + 6*q - 5. Let c be t(4). Suppose -c*a + 1 + 2 = 0. What is the units digit of a?
1
Let r = -5 - -11. Let m be ((-25)/(-3))/((-1)/r). What is the units digit of (-6)/(-9) + m/(-6)?
9
Suppose 30 = -3*c + 117. What is the tens digit of c?
2
Let k(l) = -2*l + 11. Let j(i) = -3*i + 21. Let y(r) = -4*j(r) + 7*k(r). Suppose -5*c - 30 = a + 3*a, -a = 4*c + 13. What is the units digit of y(a)?
3
Let w = -13 - -43. What is the tens digit of w?
3
Let p = -8 + 10. Suppose i = 4*q - 116, p*q + 7*i - 3*i = 40. What is the tens digit of q?
2
What is the tens digit of (15 - -1)*(-49)/(-28)?
2
Suppose -24 = 22*u - 26*u. What is the units digit of u?
6
Let w(r) = r**3 - 5*r**2 + 2*r - 6. Suppose 0*y + 2*y = 10. What is the units digit of w(y)?
4
Let u(h) = 36*h - 4. Let f(b) = -b - 1. Let n(d) = 2*f(d) - u(d). What is the units digit of n(-1)?
0
Let y(m) = -m**3 + 4*m**2 - 1. What is the units digit of y(3)?
8
Let g(k) = 3*k**2 + 3*k + 4. What is the units digit of g(-3)?
2
What is the units digit of (35/21)/((-2)/(-6))?
5
Suppose -3*q + 13 = -2*q + 2*l, 